 are the prime factors of 26425?
5, 7, 151
List the prime factors of 110634.
2, 3, 18439
List the prime factors of 59459.
37, 1607
List the prime factors of 23881.
11, 13, 167
List the prime factors of 14272.
2, 223
List the prime factors of 74963.
7, 10709
List the prime factors of 7206.
2, 3, 1201
What are the prime factors of 314?
2, 157
What are the prime factors of 1467?
3, 163
What are the prime factors of 6804?
2, 3, 7
List the prime factors of 35081.
35081
List the prime factors of 911.
911
What are the prime factors of 1560?
2, 3, 5, 13
What are the prime factors of 25600?
2, 5
What are the prime factors of 3483?
3, 43
List the prime factors of 1173.
3, 17, 23
What are the prime factors of 4441?
4441
What are the prime factors of 2149?
7, 307
List the prime factors of 1111.
11, 101
List the prime factors of 3138.
2, 3, 523
What are the prime factors of 75636?
2, 3, 11, 191
List the prime factors of 872.
2, 109
List the prime factors of 10181.
10181
What are the prime factors of 3171?
3, 7, 151
List the prime factors of 9377.
9377
What are the prime factors of 18028?
2, 4507
List the prime factors of 60632.
2, 11, 13, 53
What are the prime factors of 2442?
2, 3, 11, 37
What are the prime factors of 29993?
89, 337
List the prime factors of 878.
2, 439
List the prime factors of 8205.
3, 5, 547
List the prime factors of 3722.
2, 1861
List the prime factors of 1749.
3, 11, 53
What are the prime factors of 16657?
16657
What are the prime factors of 25126?
2, 17, 739
List the prime factors of 5307.
3, 29, 61
What are the prime factors of 88314?
2, 3, 41, 359
What are the prime factors of 3017?
7, 431
What are the prime factors of 75?
3, 5
What are the prime factors of 1176?
2, 3, 7
List the prime factors of 4302.
2, 3, 239
What are the prime factors of 3582?
2, 3, 199
List the prime factors of 1898.
2, 13, 73
What are the prime factors of 4223?
41, 103
What are the prime factors of 1103?
1103
What are the prime factors of 1128?
2, 3, 47
What are the prime factors of 8554?
2, 7, 13, 47
List the prime factors of 2523.
3, 29
What are the prime factors of 586?
2, 293
List the prime factors of 16219.
7, 331
List the prime factors of 654.
2, 3, 109
What are the prime factors of 3543?
3, 1181
What are the prime factors of 16891?
7, 19, 127
List the prime factors of 6485.
5, 1297
What are the prime factors of 25992?
2, 3, 19
List the prime factors of 10180.
2, 5, 509
List the prime factors of 6930.
2, 3, 5, 7, 11
What are the prime factors of 200?
2, 5
What are the prime factors of 23396?
2, 5849
What are the prime factors of 25924?
2, 6481
List the prime factors of 19315.
5, 3863
What are the prime factors of 74269?
13, 29, 197
List the prime factors of 97150.
2, 5, 29, 67
What are the prime factors of 59012?
2, 14753
List the prime factors of 37029.
3, 12343
What are the prime factors of 914?
2, 457
List the prime factors of 88462.
2, 11, 4021
What are the prime factors of 1237?
1237
List the prime factors of 3774.
2, 3, 17, 37
List the prime factors of 14823.
3, 61
List the prime factors of 8813.
7, 1259
What are the prime factors of 8004?
2, 3, 23, 29
List the prime factors of 561.
3, 11, 17
What are the prime factors of 4974?
2, 3, 829
What are the prime factors of 4273?
4273
What are the prime factors of 94693?
94693
List the prime factors of 2863.
7, 409
What are the prime factors of 3901?
47, 83
What are the prime factors of 74628?
2, 3, 691
What are the prime factors of 84314?
2, 42157
List the prime factors of 9486.
2, 3, 17, 31
What are the prime factors of 16926?
2, 3, 7, 13, 31
List the prime factors of 20478.
2, 3, 3413
List the prime factors of 68080.
2, 5, 23, 37
What are the prime factors of 3508?
2, 877
What are the prime factors of 695?
5, 139
List the prime factors of 317.
317
What are the prime factors of 5736?
2, 3, 239
What are the prime factors of 57030?
2, 3, 5, 1901
What are the prime factors of 25267?
11, 2297
What are the prime factors of 14048?
2, 439
List the prime factors of 4608.
2, 3
List the prime factors of 1326.
2, 3, 13, 17
What are the prime factors of 9047?
83, 109
List the prime factors of 4007.
4007
List the prime factors of 11555.
5, 2311
List the prime factors of 999.
3, 37
List the prime factors of 7507.
7507
What are the prime factors of 17079?
3, 5693
List the prime factors of 11598.
2, 3, 1933
List the prime factors of 355.
5, 71
What are the prime factors of 1526?
2, 7, 109
List the prime factors of 341.
11, 31
List the prime factors of 9423.
3, 349
What are the prime factors of 24869?
13, 1913
What are the prime factors of 79?
79
What are the prime factors of 58579?
58579
What are the prime factors of 30310?
2, 5, 7, 433
List the prime factors of 16662.
2, 3, 2777
What are the prime factors of 37?
37
What are the prime factors of 614?
2, 307
List the prime factors of 92850.
2, 3, 5, 619
List the prime factors of 4220.
2, 5, 211
List the prime factors of 218.
2, 109
What are the prime factors of 432?
2, 3
What are the prime factors of 529?
23
List the prime factors of 2816.
2, 11
What are the prime factors of 3654?
2, 3, 7, 29
List the prime factors of 7013.
7013
List the prime factors of 10469.
19, 29
List the prime factors of 40314.
2, 3, 6719
List the prime factors of 1504.
2, 47
List the prime factors of 52878.
2, 3, 7, 1259
What are the prime factors of 914?
2, 457
What are the prime factors of 37725?
3, 5, 503
List the prime factors of 8806.
2, 7, 17, 37
List the prime factors of 147313.
41, 3593
List the prime factors of 48812.
2, 12203
List the prime factors of 11106.
2, 3, 617
What are the prime factors of 28319?
28319
What are the prime factors of 28787?
11, 2617
What are the prime factors of 2444?
2, 13, 47
What are the prime factors of 12297?
3, 4099
List the prime factors of 2648.
2, 331
What are the prime factors of 8761?
8761
What are the prime factors of 20957?
19, 1103
List the prime factors of 1202.
2, 601
List the prime factors of 8250.
2, 3, 5, 11
What are the prime factors of 4329?
3, 13, 37
List the prime factors of 58199.
58199
What are the prime factors of 47425?
5, 7, 271
List the prime factors of 118605.
3, 5, 7907
List the prime factors of 5445.
3, 5, 11
What are the prime factors of 8438?
2, 4219
What are the prime factors of 1157?
13, 89
What are the prime factors of 6379?
6379
List the prime factors of 900.
2, 3, 5
What are the prime factors of 60013?
60013
List the prime factors of 20423.
13, 1571
List the prime factors of 1603.
7, 229
List the prime factors of 1253.
7, 179
What are the prime factors of 4903?
4903
List the prime factors of 11406.
2, 3, 1901
What are the prime factors of 5279?
5279
What are the prime factors of 23936?
2, 11, 17
List the prime factors of 12335.
5, 2467
List the prime factors of 4479.
3, 1493
List the prime factors of 35200.
2, 5, 11
What are the prime factors of 126892?
2, 31723
What are the prime factors of 359?
359
What are the prime factors of 434?
2, 7, 31
What are the prime factors of 2823?
3, 941
List the prime factors of 135486.
2, 3, 13, 193
List the prime factors of 1555.
5, 311
List the prime factors of 4468.
2, 1117
List the prime factors of 75260.
2, 5, 53, 71
What are the prime factors of 2848?
2, 89
List the prime factors of 3263.
13, 251
List the prime factors of 3240.
2, 3, 5
List the prime factors of 851.
23, 37
What are the prime factors of 4504?
2, 563
What are the prime factors of 827?
827
What are the prime factors of 120753?
3, 13417
What are the prime factors of 3541?
3541
What are the prime factors of 4957?
4957
What are the prime factors of 4147?
11, 13, 29
What are the prime factors of 60835?
5, 23
What are the prime factors of 34585?
5, 6917
List the prime factors of 152.
2, 19
What are the prime factors of 3865?
5, 773
What are the prime factors of 44461?
173, 257
List the prime factors of 2969.
2969
What are the prime factors of 43046?
2, 21523
List the prime factors of 3493.
7, 499
List the prime factors of 11755.
5, 2351
List the prime factors of 13803.
3, 43, 107
What are the prime factors of 2363?
17, 139
What are the prime factors of 28796?
2, 23, 313
List the prime factors of 5375.
5, 43
List the prime factors of 559.
13, 43
List the prime factors of 7780.
2, 5, 389
List the prime factors of 984.
2, 3